{"id":5,"date":"2018-09-10T13:54:03","date_gmt":"2018-09-10T13:54:03","guid":{"rendered":"https:\/\/culturalpalermo.com\/home\/?page_id=5"},"modified":"2025-12-11T17:17:14","modified_gmt":"2025-12-11T20:17:14","slug":"home","status":"publish","type":"page","link":"https:\/\/culturalpalermo.com\/home\/","title":{"rendered":"Home"},"content":{"rendered":"<p>[vc_row row_height_percent=\u00bb0&#8243; overlay_alpha=\u00bb50&#8243; gutter_size=\u00bb3&#8243; column_width_percent=\u00bb100&#8243; desktop_visibility=\u00bbyes\u00bb medium_visibility=\u00bbyes\u00bb shift_y=\u00bb0&#8243; z_index=\u00bb0&#8243;][vc_column width=\u00bb1\/1&#8243;][vc_raw_html]JTNDcCUyMHN0eWxlJTNEJTIydGV4dC1hbGlnbiUzQSUyMGNlbnRlciUzQiUyMGZvbnQtc2l6ZSUzQSUyMDEzcHglM0IlMjIlM0VPcm8lMjAyNTIxJTIwJTI4ZXNxLiUyMEF2LiUyMFNhbnRhJTIwRmUlMjklMkMlMjBCdWVub3MlMjBBaXJlcyUzQ2JyJTJGJTNFJTNDaSUyMGNsYXNzJTNEJTIyZmElMjBmYS13aGF0c2FwcCUyMiUzRSUzQyUyRmklM0UlMjZuYnNwJTNCJTNDYSUyMGhyZWYlM0QlMjJodHRwcyUzQSUyRiUyRmFwaS53aGF0c2FwcC5jb20lMkZzZW5kJTNGcGhvbmUlM0Q1NDkxMTI3MTY2MTM4JTI2YW1wJTNCdGV4dCUzREhvbGElMjUyQyUyNTIwZGVzZW8lMjUyMGNvbnN1bHRhciUyNTIwcG9yJTI1MjAuLi4lMjIlM0UlMjAlM0NzdHJvbmclM0UxMSUyNm5ic3AlM0IyNzE2JTI2bmJzcCUzQjYxMzglM0MlMkZzdHJvbmclM0UlM0MlMkZhJTNFJTIwLSUyMCUzQ2klMjBjbGFzcyUzRCUyMmZhJTIwZmEtZW1haWwlMjIlM0UlM0MlMkZpJTNFJTI2bmJzcCUzQiUzQ2ElMjBocmVmJTNEJTIybWFpbHRvJTNBY3VsdHBhbGVybW8lNDBnbWFpbC5jb20lMjIlMjB0YXJnZXQlM0QlMjJfYmxhbmslMjIlM0UlMjAlM0NzdHJvbmclM0VjdWx0cGFsZXJtbyU0MGdtYWlsLmNvbSUzQyUyRnN0cm9uZyUzRSUzQyUyRmElM0UlM0MlMkZwJTNF[\/vc_raw_html][\/vc_column][\/vc_row][vc_row][vc_column width=\u00bb1\/1&#8243;][uncode_block id=\u00bb56&#8243;][\/vc_column][\/vc_row][vc_row][vc_column column_width_percent=\u00bb100&#8243; position_vertical=\u00bbmiddle\u00bb align_horizontal=\u00bbalign_center\u00bb overlay_alpha=\u00bb50&#8243; gutter_size=\u00bb3&#8243; medium_width=\u00bb0&#8243; mobile_width=\u00bb0&#8243; shift_x=\u00bb0&#8243; shift_y=\u00bb0&#8243; shift_y_down=\u00bb0&#8243; z_index=\u00bb0&#8243; width=\u00bb1\/1&#8243;][vc_custom_heading heading_semantic=\u00bbh3&#8243; text_size=\u00bb\u00bb text_weight=\u00bb600&#8243; text_transform=\u00bbuppercase\u00bb text_color=\u00bbcolor-178778&#8243;]45 a\u00f1os ense\u00f1ando un ingl\u00e9s de excelencia.[\/vc_custom_heading][\/vc_column][\/vc_row][vc_row row_height_percent=\u00bb0&#8243; overlay_alpha=\u00bb50&#8243; gutter_size=\u00bb3&#8243; column_width_percent=\u00bb100&#8243; shift_y=\u00bb0&#8243; z_index=\u00bb0&#8243; css=\u00bb.vc_custom_1634870663885{margin-top: 0px !important;margin-bottom: 0px !important;}\u00bb][vc_column column_width_percent=\u00bb100&#8243; back_color=\u00bbcolor-119590&#8243; overlay_alpha=\u00bb50&#8243; gutter_size=\u00bb0&#8243; medium_width=\u00bb0&#8243; mobile_width=\u00bb0&#8243; shift_x=\u00bb0&#8243; shift_y=\u00bb0&#8243; shift_y_down=\u00bb0&#8243; z_index=\u00bb0&#8243; width=\u00bb1\/1&#8243; css=\u00bb.vc_custom_1634870816942{padding-top: 8px !important;padding-bottom: 8px !important;}\u00bb][vc_column_text css=\u00bb.vc_custom_1765484226441{margin-top: 8px !important;margin-bottom: 8px !important;}\u00bb]<\/p>\n<h1 style=\"text-align: center;\"><span style=\"color: #ffffff;\">\u00a1Las clases comienzan en Marzo!<\/span><\/h1>\n<h3 style=\"text-align: center;\"><span style=\"color: #ffffff;\">Abierta la inscripci\u00f3n 2026.<\/span><\/h3>\n<p>[\/vc_column_text][\/vc_column][\/vc_row][vc_row row_height_percent=\u00bb0&#8243; overlay_alpha=\u00bb50&#8243; gutter_size=\u00bb3&#8243; column_width_percent=\u00bb100&#8243; shift_y=\u00bb0&#8243; z_index=\u00bb0&#8243; css=\u00bb.vc_custom_1634870663885{margin-top: 0px !important;margin-bottom: 0px !important;}\u00bb][vc_column column_width_percent=\u00bb100&#8243; back_color=\u00bbcolor-117383&#8243; overlay_alpha=\u00bb50&#8243; gutter_size=\u00bb0&#8243; medium_width=\u00bb0&#8243; mobile_width=\u00bb0&#8243; shift_x=\u00bb0&#8243; shift_y=\u00bb0&#8243; shift_y_down=\u00bb0&#8243; z_index=\u00bb0&#8243; width=\u00bb1\/1&#8243; css=\u00bb.vc_custom_1634870891936{padding-top: 8px !important;padding-bottom: 8px !important;}\u00bb][vc_column_text]<\/p>\n<h3 style=\"text-align: center;\"><a href=\"https:\/\/culturalpalermo.com\/home\/contacto\/\"><span style=\"color: #ffffff;\">Formulario de inscripci\u00f3n<\/span><\/a><\/h3>\n<p>[\/vc_column_text][\/vc_column][\/vc_row][vc_row row_height_percent=\u00bb0&#8243; override_padding=\u00bbyes\u00bb h_padding=\u00bb2&#8243; top_padding=\u00bb1&#8243; bottom_padding=\u00bb1&#8243; back_color=\u00bbcolor-167872&#8243; overlay_alpha=\u00bb50&#8243; equal_height=\u00bbyes\u00bb gutter_size=\u00bb3&#8243; column_width_percent=\u00bb100&#8243; shift_y=\u00bb0&#8243; z_index=\u00bb0&#8243; css=\u00bb.vc_custom_1676373452849{padding-top: 10px !important;padding-bottom: 30px !important;}\u00bb][vc_column column_width_percent=\u00bb100&#8243; align_horizontal=\u00bbalign_center\u00bb overlay_alpha=\u00bb50&#8243; gutter_size=\u00bb2&#8243; medium_width=\u00bb0&#8243; mobile_width=\u00bb0&#8243; shift_x=\u00bb0&#8243; shift_y=\u00bb0&#8243; shift_y_down=\u00bb0&#8243; z_index=\u00bb0&#8243; width=\u00bb1\/2&#8243; css=\u00bb.vc_custom_1676373400970{padding-top: 18px !important;}\u00bb][vc_button button_color=\u00bbcolor-119590&#8243; size=\u00bbbtn-xl\u00bb wide=\u00bbyes\u00bb border_width=\u00bb0&#8243; link=\u00bburl:https%3A%2F%2Fculturalpalermo.com%2Fhome%2Fescuela-de-idiomas%2F|||\u00bb el_class=\u00bbboton-home-carreras boton-home-carreras-mob\u00bb]Escuela de Idioma Ingl\u00e9s[\/vc_button][vc_single_image media=\u00bb1158&#8243; media_width_percent=\u00bb100&#8243;][vc_single_image media=\u00bb1161&#8243; media_width_percent=\u00bb100&#8243;][\/vc_column][vc_column column_width_percent=\u00bb100&#8243; back_color=\u00bbcolor-167872&#8243; overlay_alpha=\u00bb50&#8243; gutter_size=\u00bb3&#8243; medium_width=\u00bb0&#8243; mobile_visibility=\u00bbyes\u00bb mobile_width=\u00bb0&#8243; shift_x=\u00bb0&#8243; shift_y=\u00bb0&#8243; shift_y_down=\u00bb0&#8243; z_index=\u00bb0&#8243; width=\u00bb1\/2&#8243;][vc_custom_heading heading_semantic=\u00bbh3&#8243; text_size=\u00bb\u00bb text_color=\u00bbaccent\u00bb sub_reduced=\u00bbyes\u00bb subheading=\u00bbDejanos tu direcci\u00f3n de correo electr\u00f3nico y\/o tel\u00e9fono y un asesor se pondr\u00e1 en contacto.\u00bb]\u00bfQUER\u00c9S M\u00c1S INFORMACI\u00d3N?[\/vc_custom_heading]\n<div class=\"wpcf7 no-js\" id=\"wpcf7-f27-o1\" lang=\"es-ES\" dir=\"ltr\" data-wpcf7-id=\"27\">\n<div class=\"screen-reader-response\"><p role=\"status\" aria-live=\"polite\" aria-atomic=\"true\"><\/p> <ul><\/ul><\/div>\n<form action=\"\/home\/wp-json\/wp\/v2\/pages\/5#wpcf7-f27-o1\" method=\"post\" class=\"wpcf7-form init\" aria-label=\"Formulario de contacto\" novalidate=\"novalidate\" data-status=\"init\">\n<div style=\"display: none;\">\n<input type=\"hidden\" name=\"_wpcf7\" value=\"27\" \/>\n<input type=\"hidden\" name=\"_wpcf7_version\" value=\"6.0.6\" \/>\n<input type=\"hidden\" name=\"_wpcf7_locale\" value=\"es_ES\" \/>\n<input type=\"hidden\" name=\"_wpcf7_unit_tag\" value=\"wpcf7-f27-o1\" \/>\n<input type=\"hidden\" name=\"_wpcf7_container_post\" value=\"0\" \/>\n<input type=\"hidden\" name=\"_wpcf7_posted_data_hash\" value=\"\" \/>\n<\/div>\n<p><label> <span class=\"wpcf7-form-control-wrap\" data-name=\"your-name\"><input size=\"40\" maxlength=\"400\" class=\"wpcf7-form-control wpcf7-text wpcf7-validates-as-required\" aria-required=\"true\" aria-invalid=\"false\" placeholder=\"Nombre y Apellido (requerido)\" value=\"\" type=\"text\" name=\"your-name\" \/><\/span> <\/label><label> <span class=\"wpcf7-form-control-wrap\" data-name=\"your-email\"><input size=\"40\" maxlength=\"400\" class=\"wpcf7-form-control wpcf7-email wpcf7-validates-as-required wpcf7-text wpcf7-validates-as-email\" aria-required=\"true\" aria-invalid=\"false\" placeholder=\"Mail (requerido)\" value=\"\" type=\"email\" name=\"your-email\" \/><\/span> <\/label><label> <span class=\"wpcf7-form-control-wrap\" data-name=\"your-cellphone\"><input size=\"40\" maxlength=\"400\" class=\"wpcf7-form-control wpcf7-text wpcf7-validates-as-required\" aria-required=\"true\" aria-invalid=\"false\" placeholder=\"N\u00famero de Celular (requerido)\" value=\"\" type=\"text\" name=\"your-cellphone\" \/><\/span> <\/label><br \/>\n<label> Selecciona los temas en que estas interesado<br \/>\n<span class=\"wpcf7-form-control-wrap\" data-name=\"your-subject\"><select class=\"wpcf7-form-control wpcf7-select wpcf7-validates-as-required\" aria-required=\"true\" aria-invalid=\"false\" multiple=\"multiple\" name=\"your-subject[]\"><option value=\"parent_Ingl\u00e9s\">parent_Ingl\u00e9s<\/option><option value=\"Escuela de Ingl\u00e9s\">Escuela de Ingl\u00e9s<\/option><option value=\"Curso Kinder\">Curso Kinder<\/option><option value=\"Curso Kids 1-2-3-4\">Curso Kids 1-2-3-4<\/option><option value=\"Curso Teens y Seniors\">Curso Teens y Seniors<\/option><option value=\"Curso Adultos\">Curso Adultos<\/option><option value=\"endparent\">endparent<\/option><option value=\"Otro asunto espec\u00edfico\">Otro asunto espec\u00edfico<\/option><\/select><\/span> <\/label>\n<\/p>\n<p><label> <span class=\"wpcf7-form-control-wrap\" data-name=\"your-message\"><textarea cols=\"40\" rows=\"10\" maxlength=\"2000\" class=\"wpcf7-form-control wpcf7-textarea\" aria-invalid=\"false\" placeholder=\"Mensaje\" name=\"your-message\"><\/textarea><\/span> <\/label>\n<\/p>\n<p><input class=\"wpcf7-form-control wpcf7-submit has-spinner\" type=\"submit\" value=\"Enviar\" \/>\n<\/p><div class=\"wpcf7-response-output\" aria-hidden=\"true\"><\/div>\n<\/form>\n<\/div>\n[\/vc_column][\/vc_row][vc_row row_height_percent=\u00bb0&#8243; overlay_alpha=\u00bb50&#8243; equal_height=\u00bbyes\u00bb gutter_size=\u00bb3&#8243; column_width_percent=\u00bb100&#8243; shift_y=\u00bb0&#8243; z_index=\u00bb0&#8243;][vc_column column_width_percent=\u00bb100&#8243; back_color=\u00bbcolor-167872&#8243; overlay_alpha=\u00bb50&#8243; gutter_size=\u00bb2&#8243; medium_width=\u00bb0&#8243; mobile_width=\u00bb0&#8243; shift_x=\u00bb0&#8243; shift_y=\u00bb0&#8243; shift_y_down=\u00bb0&#8243; z_index=\u00bb0&#8243; width=\u00bb1\/3&#8243;][vc_custom_heading]Nosotros[\/vc_custom_heading][vc_column_text]En Cultural Inglesa de Palermo hace 44 a\u00f1os que capacitamos a las nuevas generaciones para entrar al mercado laboral.<br \/>\nLa formaci\u00f3n potencia el desarrollo profesional; por eso estimulamos el trabajo en equipo, la creatividad y la responsabilidad.<br \/>\nNuestros alumnos aprenden un equilibrio entre teor\u00eda y pr\u00e1ctica: saber y hacer son los dos pilares de nuestro trabajo.<br \/>\nContamos con 5400 graduados trabajando en el pa\u00eds y en el exterior.[\/vc_column_text][\/vc_column][vc_column column_width_percent=\u00bb100&#8243; back_color=\u00bbcolor-321626&#8243; overlay_alpha=\u00bb50&#8243; gutter_size=\u00bb2&#8243; medium_width=\u00bb0&#8243; mobile_width=\u00bb0&#8243; shift_x=\u00bb0&#8243; shift_y=\u00bb0&#8243; shift_y_down=\u00bb0&#8243; z_index=\u00bb0&#8243; width=\u00bb1\/3&#8243;][vc_custom_heading]Creemos en\u2026[\/vc_custom_heading][vc_column_text]La solidaridad,<br \/>\nla inclusi\u00f3n,<br \/>\nla excelencia<br \/>\ny el respeto mutuo.[\/vc_column_text][vc_custom_heading]Staff[\/vc_custom_heading][vc_column_text]Nuestros docentes son profesionales universitarios de diferentes disciplinas que te ayudar\u00e1n en cada paso del camino.[\/vc_column_text][\/vc_column][vc_column column_width_percent=\u00bb100&#8243; back_color=\u00bbcolor-167872&#8243; overlay_alpha=\u00bb50&#8243; gutter_size=\u00bb2&#8243; medium_width=\u00bb0&#8243; mobile_width=\u00bb0&#8243; shift_x=\u00bb0&#8243; shift_y=\u00bb0&#8243; shift_y_down=\u00bb0&#8243; z_index=\u00bb0&#8243; width=\u00bb1\/3&#8243;][vc_custom_heading]\u00bfPor qu\u00e9 elegirnos?[\/vc_custom_heading][vc_column_text]Trato personalizado<br \/>\nB\u00fasquedas laborales exclusivas<br \/>\nProfesores con amplia formaci\u00f3n acad\u00e9mica.<br \/>\nTutor\u00edas de materias presenciales y a distancia en nuestro Campus Virtual.[\/vc_column_text][vc_custom_heading]Bolsa de trabajo[\/vc_custom_heading][vc_column_text]Contamos con una Bolsa de Trabajo Gratuita y exclusiva donde distintas empresas ofrecen puestos de trabajo acordes con los cursos que dictamos.[\/vc_column_text][\/vc_column][\/vc_row][vc_row row_height_percent=\u00bb0&#8243; override_padding=\u00bbyes\u00bb h_padding=\u00bb2&#8243; top_padding=\u00bb0&#8243; bottom_padding=\u00bb2&#8243; overlay_alpha=\u00bb50&#8243; gutter_size=\u00bb3&#8243; column_width_percent=\u00bb100&#8243; shift_y=\u00bb0&#8243; z_index=\u00bb0&#8243;][vc_column width=\u00bb1\/1&#8243;][vc_button button_color=\u00bbcolor-178778&#8243; size=\u00bbbtn-lg\u00bb radius=\u00bbbtn-square\u00bb wide=\u00bbyes\u00bb hover_fx=\u00bboutlined\u00bb border_width=\u00bb1&#8243; icon_position=\u00bbright\u00bb display=\u00bbinline\u00bb link=\u00bburl:https%3A%2F%2Fculturalpalermo.com%2Fhome%2Flaboral%2F|||\u00bb icon=\u00bbfa fa-arrow-right2&#8243;]B\u00fasquedas Laborales[\/vc_button][\/vc_column][\/vc_row][vc_row row_height_percent=\u00bb0&#8243; overlay_alpha=\u00bb50&#8243; equal_height=\u00bbyes\u00bb gutter_size=\u00bb3&#8243; column_width_percent=\u00bb100&#8243; shift_y=\u00bb0&#8243; z_index=\u00bb0&#8243;][vc_column column_width_percent=\u00bb100&#8243; position_vertical=\u00bbmiddle\u00bb align_horizontal=\u00bbalign_center\u00bb back_color=\u00bbcolor-167872&#8243; overlay_alpha=\u00bb50&#8243; gutter_size=\u00bb3&#8243; medium_width=\u00bb0&#8243; mobile_width=\u00bb0&#8243; shift_x=\u00bb0&#8243; shift_y=\u00bb0&#8243; shift_y_down=\u00bb0&#8243; z_index=\u00bb0&#8243; width=\u00bb2\/3&#8243;][vc_wp_text]<a href=\"#\"><img decoding=\"async\" src=\"https:\/\/culturalpalermo.com\/home\/wp-content\/uploads\/2018\/09\/NuevasCarreras-1.png\" \/><\/a>[\/vc_wp_text][\/vc_column][vc_column column_width_percent=\u00bb100&#8243; position_vertical=\u00bbmiddle\u00bb overlay_alpha=\u00bb50&#8243; gutter_size=\u00bb0&#8243; medium_width=\u00bb0&#8243; mobile_width=\u00bb0&#8243; shift_x=\u00bb0&#8243; shift_y=\u00bb0&#8243; shift_y_down=\u00bb0&#8243; z_index=\u00bb0&#8243; width=\u00bb1\/3&#8243;][vc_custom_heading heading_semantic=\u00bbh5&#8243; text_size=\u00bb\u00bb text_color=\u00bbcolor-178778&#8243;]University of Cambridge, United Kingdom[\/vc_custom_heading][vc_custom_heading heading_semantic=\u00bbh3&#8243; text_size=\u00bb\u00bb text_color=\u00bbcolor-178778&#8243;]ESOL. INTERNATIONAL EXAMINATION[\/vc_custom_heading][vc_column_text]Luego de una preparaci\u00f3n intensiva durante todo el a\u00f1o, el 10 y 11 de Diciembre pasados los alumnos de Senior VI se presentaron a las distintas instancias de evaluaci\u00f3n (READING &#8211; WRITING &#8211; USE OF ENGLISH &#8211; LISTENING &#8211; SPEAKING) del examen internacional de FIRST CERTIFICATE OF ENGLISH de UCLES. (University Of Cambridge Local Examinations Syndicate)<\/p>\n<p>Best of lucks !!![\/vc_column_text][\/vc_column][\/vc_row][vc_row][vc_column column_width_percent=\u00bb100&#8243; align_horizontal=\u00bbalign_center\u00bb overlay_alpha=\u00bb50&#8243; gutter_size=\u00bb3&#8243; medium_width=\u00bb0&#8243; mobile_width=\u00bb0&#8243; shift_x=\u00bb0&#8243; shift_y=\u00bb0&#8243; shift_y_down=\u00bb0&#8243; z_index=\u00bb0&#8243; width=\u00bb1\/1&#8243;][vc_custom_heading heading_semantic=\u00bbh4&#8243; text_size=\u00bb\u00bb text_weight=\u00bb400&#8243; text_color=\u00bbcolor-prif\u00bb]Tenemos convenios de capacitaci\u00f3n y de cooperaci\u00f3n acad\u00e9mica con:[\/vc_custom_heading][vc_single_image media=\u00bb115&#8243; media_width_use_pixel=\u00bbyes\u00bb alignment=\u00bbcenter\u00bb media_width_pixel=\u00bb700&#8243;][\/vc_column][\/vc_row]<\/p>\n","protected":false},"excerpt":{"rendered":"<p>[vc_row row_height_percent=\u00bb0&#8243; overlay_alpha=\u00bb50&#8243; gutter_size=\u00bb3&#8243; column_width_percent=\u00bb100&#8243; desktop_visibility=\u00bbyes\u00bb medium_visibility=\u00bbyes\u00bb shift_y=\u00bb0&#8243; z_index=\u00bb0&#8243;][vc_column width=\u00bb1\/1&#8243;][vc_raw_html]JTNDcCUyMHN0eWxlJTNEJTIydGV4dC1hbGlnbiUzQSUyMGNlbnRlciUzQiUyMGZvbnQtc2l6ZSUzQSUyMDEzcHglM0IlMjIlM0VPcm8lMjAyNTIxJTIwJTI4ZXNxLiUyMEF2LiUyMFNhbnRhJTIwRmUlMjklMkMlMjBCdWVub3MlMjBBaXJlcyUzQ2JyJTJGJTNFJTNDaSUyMGNsYXNzJTNEJTIyZmElMjBmYS13aGF0c2FwcCUyMiUzRSUzQyUyRmklM0UlMjZuYnNwJTNCJTNDYSUyMGhyZWYlM0QlMjJodHRwcyUzQSUyRiUyRmFwaS53aGF0c2FwcC5jb20lMkZzZW5kJTNGcGhvbmUlM0Q1NDkxMTI3MTY2MTM4JTI2YW1wJTNCdGV4dCUzREhvbGElMjUyQyUyNTIwZGVzZW8lMjUyMGNvbnN1bHRhciUyNTIwcG9yJTI1MjAuLi4lMjIlM0UlMjAlM0NzdHJvbmclM0UxMSUyNm5ic3AlM0IyNzE2JTI2bmJzcCUzQjYxMzglM0MlMkZzdHJvbmclM0UlM0MlMkZhJTNFJTIwLSUyMCUzQ2klMjBjbGFzcyUzRCUyMmZhJTIwZmEtZW1haWwlMjIlM0UlM0MlMkZpJTNFJTI2bmJzcCUzQiUzQ2ElMjBocmVmJTNEJTIybWFpbHRvJTNBY3VsdHBhbGVybW8lNDBnbWFpbC5jb20lMjIlMjB0YXJnZXQlM0QlMjJfYmxhbmslMjIlM0UlMjAlM0NzdHJvbmclM0VjdWx0cGFsZXJtbyU0MGdtYWlsLmNvbSUzQyUyRnN0cm9uZyUzRSUzQyUyRmElM0UlM0MlMkZwJTNF[\/vc_raw_html][\/vc_column][\/vc_row][vc_row][vc_column width=\u00bb1\/1&#8243;][uncode_block id=\u00bb56&#8243;][\/vc_column][\/vc_row][vc_row][vc_column column_width_percent=\u00bb100&#8243; position_vertical=\u00bbmiddle\u00bb align_horizontal=\u00bbalign_center\u00bb overlay_alpha=\u00bb50&#8243; gutter_size=\u00bb3&#8243; medium_width=\u00bb0&#8243; mobile_width=\u00bb0&#8243; shift_x=\u00bb0&#8243; [&hellip;]<\/p>\n","protected":false},"author":1,"featured_media":0,"parent":0,"menu_order":0,"comment_status":"closed","ping_status":"closed","template":"","meta":{"_joinchat":[],"footnotes":""},"class_list":["post-5","page","type-page","status-publish","hentry"],"_links":{"self":[{"href":"https:\/\/culturalpalermo.com\/home\/wp-json\/wp\/v2\/pages\/5","targetHints":{"allow":["GET"]}}],"collection":[{"href":"https:\/\/culturalpalermo.com\/home\/wp-json\/wp\/v2\/pages"}],"about":[{"href":"https:\/\/culturalpalermo.com\/home\/wp-json\/wp\/v2\/types\/page"}],"author":[{"embeddable":true,"href":"https:\/\/culturalpalermo.com\/home\/wp-json\/wp\/v2\/users\/1"}],"replies":[{"embeddable":true,"href":"https:\/\/culturalpalermo.com\/home\/wp-json\/wp\/v2\/comments?post=5"}],"version-history":[{"count":162,"href":"https:\/\/culturalpalermo.com\/home\/wp-json\/wp\/v2\/pages\/5\/revisions"}],"predecessor-version":[{"id":1188,"href":"https:\/\/culturalpalermo.com\/home\/wp-json\/wp\/v2\/pages\/5\/revisions\/1188"}],"wp:attachment":[{"href":"https:\/\/culturalpalermo.com\/home\/wp-json\/wp\/v2\/media?parent=5"}],"curies":[{"name":"wp","href":"https:\/\/api.w.org\/{rel}","templated":true}]}}