{"id":846,"date":"2019-02-04T11:15:08","date_gmt":"2019-02-04T14:15:08","guid":{"rendered":"https:\/\/culturalpalermo.com\/home\/?page_id=846"},"modified":"2022-11-16T13:05:07","modified_gmt":"2022-11-16T16:05:07","slug":"inscripcion","status":"publish","type":"page","link":"https:\/\/culturalpalermo.com\/home\/inscripcion\/","title":{"rendered":"Inscripci\u00f3n"},"content":{"rendered":"<p>[vc_row][vc_column column_width_percent=\u00bb100&#8243; overlay_alpha=\u00bb50&#8243; gutter_size=\u00bb3&#8243; medium_width=\u00bb0&#8243; mobile_width=\u00bb0&#8243; shift_x=\u00bb0&#8243; shift_y=\u00bb0&#8243; shift_y_down=\u00bb0&#8243; z_index=\u00bb0&#8243; width=\u00bb1\/4&#8243;][vc_custom_heading text_color=\u00bbaccent\u00bb]Inscripci\u00f3n[\/vc_custom_heading][\/vc_column][vc_column width=\u00bb3\/4&#8243;][vc_column_text]<span style=\"font-weight: 400;\">Los alumnos que deseen inscribirse en nuestros cursos de ingl\u00e9s, deber\u00e1n presentar en nuestras oficinas la siguiente documentaci\u00f3n:<\/span><\/p>\n<ul>\n<li>Solicitud de inscripci\u00f3n.<\/li>\n<li>Fotocopia de DNI \/ Pasaporte.<\/li>\n<li>1 foto carnet 4\u00d74.<\/li>\n<li>Pago de la matr\u00edcula.<\/li>\n<\/ul>\n<p><span style=\"font-weight: 400;\">Les proponemos tambi\u00e9n, y para agilizar el tr\u00e1mite de inscripci\u00f3n; descargar el siguiente formulario electr\u00f3nico para ser completado y entregado junto con el resto de la documentaci\u00f3n.<\/span><\/p>\n<p><span style=\"font-weight: 400;\">Tambi\u00e9n pueden inscribirse escribi\u00e9ndonos a nuestro <a href=\"https:\/\/api.whatsapp.com\/send?phone=5491127166138&amp;text=Hola%2C%20deseo%20consultar%20por%20...\" target=\"_blank\" rel=\"noopener\">Whatsapp<\/a>\u00a0o a nuestro mail (<a href=\"mailto:cultpalermo@gmail.com\" target=\"_blank\" rel=\"noopener\">cultpalermo@gmail.com<\/a>).<\/span>[\/vc_column_text][vc_button button_color=\u00bbaccent\u00bb size=\u00bbbtn-xl\u00bb wide=\u00bbyes\u00bb outline=\u00bbyes\u00bb border_width=\u00bb0&#8243; icon=\u00bbfa fa-file-word-o\u00bb link=\u00bburl:https%3A%2F%2Fculturalpalermo.com%2Fhome%2Fwp-content%2Fuploads%2F2022%2F11%2Ffichas_inscripcion_ingles.docx|||\u00bb]Descargar Formulario de Inscripci\u00f3n[\/vc_button][\/vc_column][\/vc_row]<\/p>\n","protected":false},"excerpt":{"rendered":"<p>[vc_row][vc_column column_width_percent=\u00bb100&#8243; overlay_alpha=\u00bb50&#8243; gutter_size=\u00bb3&#8243; medium_width=\u00bb0&#8243; mobile_width=\u00bb0&#8243; shift_x=\u00bb0&#8243; shift_y=\u00bb0&#8243; shift_y_down=\u00bb0&#8243; z_index=\u00bb0&#8243; width=\u00bb1\/4&#8243;][vc_custom_heading text_color=\u00bbaccent\u00bb]Inscripci\u00f3n[\/vc_custom_heading][\/vc_column][vc_column width=\u00bb3\/4&#8243;][vc_column_text]Los alumnos que deseen inscribirse en nuestros cursos [&hellip;]<\/p>\n","protected":false},"author":1,"featured_media":0,"parent":0,"menu_order":0,"comment_status":"closed","ping_status":"closed","template":"","meta":{"_joinchat":[],"footnotes":""},"class_list":["post-846","page","type-page","status-publish","hentry"],"_links":{"self":[{"href":"https:\/\/culturalpalermo.com\/home\/wp-json\/wp\/v2\/pages\/846","targetHints":{"allow":["GET"]}}],"collection":[{"href":"https:\/\/culturalpalermo.com\/home\/wp-json\/wp\/v2\/pages"}],"about":[{"href":"https:\/\/culturalpalermo.com\/home\/wp-json\/wp\/v2\/types\/page"}],"author":[{"embeddable":true,"href":"https:\/\/culturalpalermo.com\/home\/wp-json\/wp\/v2\/users\/1"}],"replies":[{"embeddable":true,"href":"https:\/\/culturalpalermo.com\/home\/wp-json\/wp\/v2\/comments?post=846"}],"version-history":[{"count":6,"href":"https:\/\/culturalpalermo.com\/home\/wp-json\/wp\/v2\/pages\/846\/revisions"}],"predecessor-version":[{"id":1151,"href":"https:\/\/culturalpalermo.com\/home\/wp-json\/wp\/v2\/pages\/846\/revisions\/1151"}],"wp:attachment":[{"href":"https:\/\/culturalpalermo.com\/home\/wp-json\/wp\/v2\/media?parent=846"}],"curies":[{"name":"wp","href":"https:\/\/api.w.org\/{rel}","templated":true}]}}